39682607?
17, 1051, 2221
List the prime factors of 45971.
45971
List the prime factors of 1381206.
2, 3, 211, 1091
What are the prime factors of 684199?
17, 167, 241
What are the prime factors of 274543?
29, 9467
List the prime factors of 313843.
157, 1999
List the prime factors of 77340.
2, 3, 5, 1289
What are the prime factors of 3324329?
3324329
What are the prime factors of 537854?
2, 268927
What are the prime factors of 202842?
2, 3, 59, 191
List the prime factors of 135980.
2, 5, 13, 523
List the prime factors of 99644.
2, 29, 859
What are the prime factors of 274735?
5, 23, 2389
What are the prime factors of 1874580?
2, 3, 5, 157, 199
List the prime factors of 81662.
2, 7, 19, 307
What are the prime factors of 22664392?
2, 2833049
List the prime factors of 726432.
2, 3, 7, 23, 47
What are the prime factors of 17569860?
2, 3, 5, 7, 11, 3803
List the prime factors of 2475814.
2, 11, 19, 5923
List the prime factors of 847943.
17, 31, 1609
What are the prime factors of 2005782?
2, 3, 334297
List the prime factors of 8980806.
2, 3, 19, 78779
List the prime factors of 232981.
7, 83, 401
What are the prime factors of 99774?
2, 3, 23, 241
What are the prime factors of 163692?
2, 3, 4547
What are the prime factors of 2294860?
2, 5, 114743
What are the prime factors of 205669?
43, 4783
What are the prime factors of 236527?
236527
List the prime factors of 897950.
2, 5, 17959
List the prime factors of 424444.
2, 29, 3659
What are the prime factors of 160020?
2, 3, 5, 7, 127
List the prime factors of 106044.
2, 3, 8837
What are the prime factors of 393645?
3, 5, 7, 23, 163
List the prime factors of 6828572.
2, 29, 37, 43
List the prime factors of 3868582.
2, 277, 6983
List the prime factors of 168809.
29, 5821
List the prime factors of 1943036.
2, 199, 2441
List the prime factors of 199005.
3, 5, 13267
List the prime factors of 318246.
2, 3, 29, 31, 59
List the prime factors of 1475824.
2, 7, 13177
List the prime factors of 1914151.
239, 8009
List the prime factors of 131456.
2, 13, 79
List the prime factors of 539012.
2, 134753
List the prime factors of 28943.
103, 281
What are the prime factors of 110072?
2, 13759
What are the prime factors of 491984?
2, 97, 317
What are the prime factors of 590670?
2, 3, 5, 6563
What are the prime factors of 56462?
2, 7, 37, 109
List the prime factors of 1069836.
2, 3, 89153
List the prime factors of 11823144.
2, 3, 492631
List the prime factors of 964484.
2, 41, 5881
What are the prime factors of 56145?
3, 5, 19, 197
What are the prime factors of 3206804?
2, 801701
List the prime factors of 34952913.
3, 19, 47, 4349
List the prime factors of 475250.
2, 5, 1901
What are the prime factors of 10535821?
379, 27799
List the prime factors of 928360.
2, 5, 23209
List the prime factors of 3472612.
2, 11, 13, 467
What are the prime factors of 635909?
635909
List the prime factors of 9040371.
3, 19, 199, 797
What are the prime factors of 452352?
2, 3, 19, 31
List the prime factors of 1263300.
2, 3, 5, 4211
List the prime factors of 111711.
3, 23, 1619
List the prime factors of 271746.
2, 3, 31, 487
List the prime factors of 169550.
2, 5, 3391
List the prime factors of 499625.
5, 7, 571
What are the prime factors of 4268577?
3, 367, 3877
List the prime factors of 238597.
397, 601
What are the prime factors of 5109936?
2, 3, 13, 19, 431
List the prime factors of 154769.
154769
What are the prime factors of 4049864?
2, 7, 13, 5563
What are the prime factors of 140997?
3, 43, 1093
What are the prime factors of 274192?
2, 17137
What are the prime factors of 438909?
3, 23, 6361
What are the prime factors of 27002770?
2, 5, 29, 93113
What are the prime factors of 7421358?
2, 3, 7, 176699
What are the prime factors of 16683023?
7, 41, 58129
List the prime factors of 160246.
2, 19, 4217
What are the prime factors of 1309979?
11, 119089
What are the prime factors of 5326335?
3, 5, 7, 37, 457
What are the prime factors of 1064754?
2, 3, 149, 397
List the prime factors of 84419.
29, 41, 71
List the prime factors of 332016.
2, 3, 6917
List the prime factors of 254962.
2, 127481
What are the prime factors of 9330526?
2, 4665263
List the prime factors of 486788.
2, 121697
What are the prime factors of 1528693?
43, 73, 487
What are the prime factors of 5686058?
2, 7, 17, 3413
What are the prime factors of 364313?
364313
What are the prime factors of 259934?
2, 129967
List the prime factors of 1169691.
3, 389897
List the prime factors of 93757.
29, 53, 61
What are the prime factors of 39893456?
2, 2493341
What are the prime factors of 116549?
116549
What are the prime factors of 2037516?
2, 3, 13, 37, 353
List the prime factors of 1433650.
2, 5, 53, 541
What are the prime factors of 699544?
2, 87443
What are the prime factors of 78383?
103, 761
What are the prime factors of 14215442?
2, 103, 151, 457
What are the prime factors of 1300927?
1300927
List the prime factors of 1393133.
7, 17, 23, 509
What are the prime factors of 16627351?
13, 1279027
List the prime factors of 2646508.
2, 463, 1429
List the prime factors of 2240618.
2, 31, 71, 509
What are the prime factors of 1930303?
59, 32717
List the prime factors of 471165.
3, 5, 101, 311
List the prime factors of 39092.
2, 29, 337
List the prime factors of 19832485.
5, 19, 191, 1093
What are the prime factors of 1881039?
3, 41, 373
What are the prime factors of 2951889?
3, 23, 179, 239
List the prime factors of 54971.
7, 7853
List the prime factors of 602832.
2, 3, 19, 661
List the prime factors of 8749498.
2, 4374749
What are the prime factors of 5089572?
2, 3, 37, 3821
List the prime factors of 3318666.
2, 3, 13, 157, 271
List the prime factors of 3254648.
2, 257, 1583
What are the prime factors of 139832?
2, 7, 11, 227
List the prime factors of 2823916.
2, 41, 67, 257
What are the prime factors of 107384?
2, 31, 433
List the prime factors of 636481.
19, 139, 241
List the prime factors of 12540575.
5, 501623
What are the prime factors of 1403434?
2, 43, 16319
List the prime factors of 205874.
2, 79, 1303
What are the prime factors of 848343?
3, 83, 3407
List the prime factors of 226603.
13, 17431
What are the prime factors of 286194?
2, 3, 47699
List the prime factors of 237623.
293, 811
List the prime factors of 1375128.
2, 3, 71, 269
List the prime factors of 589596.
2, 3, 7, 7019
What are the prime factors of 126520?
2, 5, 3163
List the prime factors of 2328536.
2, 7, 43, 967
What are the prime factors of 224610?
2, 3, 5, 7487
What are the prime factors of 1003045?
5, 200609
List the prime factors of 308767.
131, 2357
List the prime factors of 88032.
2, 3, 7, 131
List the prime factors of 2258429.
2258429
What are the prime factors of 159345?
3, 5, 3541
What are the prime factors of 4246643?
59, 167, 431
List the prime factors of 113759.
113759
List the prime factors of 1146737.
197, 5821
What are the prime factors of 513478?
2, 7, 36677
List the prime factors of 1076827.
1076827
What are the prime factors of 1274974?
2, 317, 2011
What are the prime factors of 156758?
2, 7, 11197
What are the prime factors of 2945067?
3, 47, 20887
List the prime factors of 9936171.
3, 7, 22531
What are the prime factors of 192595?
5, 13, 2963
List the prime factors of 1701930.
2, 3, 5, 56731
What are the prime factors of 1807911?
3, 7, 28697
What are the prime factors of 1936007?
827, 2341
List the prime factors of 618384.
2, 3, 13, 991
List the prime factors of 48498.
2, 3, 59, 137
What are the prime factors of 4717927?
4717927
List the prime factors of 621474.
2, 3, 7, 14797
What are the prime factors of 735803?
839, 877
List the prime factors of 149367.
3, 49789
What are the prime factors of 1252156?
2, 71, 4409
List the prime factors of 517170.
2, 3, 5, 17239
What are the prime factors of 270340?
2, 5, 7, 1931
List the prime factors of 1684198.
2, 19, 23, 41, 47
List the prime factors of 9779878.
2, 53, 257, 359
List the prime factors of 61330.
2, 5, 6133
List the prime factors of 263533.
263533
List the prime factors of 70999.
70999
What are the prime factors of 3669943?
17, 61, 3539
List the prime factors of 157908.
2, 3, 13159
List the prime factors of 6953925.
3, 5, 11, 8429
What are the prime factors of 196141?
11, 1621
What are the prime factors of 2843924?
2, 41, 17341
List the prim